culate k(l).
5
Let t(y) = -y**3 + y**2 + 3*y. Let w = -24 + 27. What is t(w)?
-9
Let v(o) = o**3 - 7*o**2 + 19*o**2 - 7*o**2 + 7 - 4*o. What is v(-6)?
-5
Let q(z) = 0 - z + 2 - 1 - z**2. Let m be q(2). Let f(c) = 2*c + 2. What is f(m)?
-8
Suppose 2*z + 2 = 3*s - 6*s, -z + 6 = 5*s. Suppose -n + s*n + 4 = 0. Let r(k) = 8*k - 3*k**2 + 3*k - 12*k - k**3 + 3*k + 2. Calculate r(n).
10
Let v(d) = d**2 + 5*d - 5. Suppose 5*s = 9 + 91. Suppose -s = 5*m + 5. Give v(m).
-5
Let h(y) = -y**3 + 3*y**2 - y + 1. Let i = -6 - -2. Let j be (-6)/9*30/i. Suppose t + n + 3 = 5, 2*t + j*n = 4. Calculate h(t).
3
Let q(s) be the second derivative of -s**3/6 - 5*s**2/2 - 4*s. Let n(c) = -c**2 + c - 4. Let m be n(0). Determine q(m).
-1
Let s(m) = 2*m - m + 360 - 360. Let v(x) = -x**2 + x**2 + x - 1 + 2*x**2. Let y be v(-2). Calculate s(y).
5
Let q(i) = -i**2 + 2*i + 11. Let j(l) = l**2 + 6*l - 2. Let p be j(-7). Let w be q(p). Let b(g) = -2*g - 4. Give b(w).
4
Let y(l) be the first derivative of -l**2 + l - 2. Let a(d) = -8*d - 14. Let p be a(-2). What is y(p)?
-3
Suppose 5 = -h + 6*h. Suppose -q + 4*q = 4*k - 25, -12 = -3*k. Let d be -1 - q - 3*h. Let w(j) = 2*j**2 + j + 1. Calculate w(d).
2
Suppose v + 3 = 9. Let t(a) = 0 + 6*a + v - 4*a. Let b = 4 - 8. Give t(b).
-2
Let q(l) = -3*l - 8. Let y(i) = 2*i + 8. Let f(n) = -3*q(n) - 4*y(n). Calculate f(8).
0
Let p(q) = q**2 + 7*q. Let b = 45 - 52. Determine p(b).
0
Suppose 2*h - 4*n = -0 - 4, 5*h = -n - 10. Let y(m) be the second derivative of 0 - 1/2*m**2 - 1/3*m**3 - 3*m. What is y(h)?
3
Let n = 4 - 0. Let z(v) = v**2 - 3*v + 3. Let w be z(n). Let k be (w - 4)/((-6)/(-4)). Let b(l) = l**2 - 2*l - 2. Calculate b(k).
-2
Suppose 22 = 3*g + u, -3*g + 0*u = -3*u - 18. Let i(k) = k - 1. Let j be i(g). Let s(z) = -z**2 + 7*z - 4. What is s(j)?
2
Suppose -x - 4 - 1 = -2*s, -s - 10 = -3*x. Let k(t) = -8*t**2 - x + t**3 + 4 - 7*t - 1 - 2*t**3. Calculate k(-7).
-2
Let h(n) = 2*n - 2. Let f(x) = -5*x + 4. Let l(g) = 3*f(g) + 5*h(g). Let y = -50 + 52. Calculate l(y).
-8
Let d(l) = -l**3 + 10*l**2 - l - 1. Let j be d(10). Let r(n) = -n - 16. Let q be r(j). Let y(b) = 7*b + 3 - b**2 - 4*b**2 + 6*b**2. Calculate y(q).
-7
Let u(d) = d**2 + d. Let q = 43 + -115. Let c be q/32 + 2/8. Let g be u(c). Let o(n) = 5*n - 3. Determine o(g).
7
Let k(a) be the third derivative of -a**5/60 - a**3/3 + 35*a**2. What is k(3)?
-11
Let a(i) = 5*i**2 - 1. Let n(m) = m**2. Let r(y) = 2*a(y) - 9*n(y). Let p be r(2). Let u(q) = 5 - 11 + 3*q**2 + 0*q**2 + 5*q - 2*q**p. What is u(-6)?
0
Let c(s) = s**2 + s + 3. Let y be c(0). Let p(m) = -2*m + 4. Let b(w) = -2*w + 5. Let j(f) = 2*b(f) - 3*p(f). Give j(y).
4
Let p(g) = g - 10. Let l(o) = -o**3 - 3*o**2 - o + 2. Let d be l(-2). What is p(d)?
-10
Let d(i) = 4*i**2 - i. Let v be d(1). Let t be 0 + (1 - v/3). Let u(m) = -m + t*m**2 - 1 - 7 - m**2 + 2*m**2. Give u(0).
-8
Let s(z) = 31*z - 5 - 15*z - 14*z. What is s(5)?
5
Let v(c) = -7*c**3 + 11*c**2 - 4*c - 1. Let y(g) = -20*g**3 + 32*g**2 - 12*g - 3. Let n(q) = -17*v(q) + 6*y(q). Let d = 11 - 15. Let w = 0 - d. What is n(w)?
-1
Let p(a) be the third derivative of 1/120*a**6 - a**2 - 1/6*a**3 + 0*a + 0*a**4 - 1/15*a**5 + 0. What is p(3)?
-10
Let f = -8 - -6. Let h be f + (-10)/6*-3. Let t(o) = -7 - 4*o**2 + o - o**h + o + o. Give t(-5).
3
Let x be (-1)/(-1 - (-4)/5). Let j(w) = -w**2 + 7*w - 2. Determine j(x).
8
Let h(m) be the second derivative of m**4/12 - m**3/3 + m**2 - 7*m. Let g(k) = -7*k + 2*k - 3 + 7*k**2 - k**3 + 0. Let t be g(6). Give h(t).
5
Let n be (-2)/(2*3/24). Let j(z) = -2*z - 10. Let b be j(n). Let q(g) = -g**2 + 4*g + 7. Give q(b).
-5
Let k be (-12)/(-7) + 14/49. Let p(u) be the second derivative of -u**k + 0 + u - 2/3*u**3. Determine p(-2).
6
Let h(t) = -2*t**2 - t**3 - 1 + 0*t**3 + t + 0*t + 3. Let f be 3/((-9)/(-69)) - 0. Suppose -5*o = -20, 0 = -b - 4*o - 9 + f. Determine h(b).
0
Let g(u) = -u**3 - u**2 + u + 1. Let v(n) = -6*n**2 + 5*n + 2. Let x(j) = g(j) - v(j). Let w(h) = h**2 + 7*h + 9. Let y be w(-6). What is x(y)?
5
Let f(b) = b**3 + 11*b**2 - b - 5. Suppose 0 = -8*c - 41 - 47. What is f(c)?
6
Let o(q) be the first derivative of -2 + 1/3*q**3 + 7*q - 4*q**2. Suppose -v + 5 = -0*v. What is o(v)?
-8
Let s(w) = w + 5. Let h be s(-8). Let k(g) be the third derivative of -g**4/24 + g**3/6 - 6*g**2. Let z be k(h). Let r(b) = -b + 3. Calculate r(z).
-1
Let v(x) be the first derivative of -x**3/3 - x**2 + 5*x + 19. Calculate v(-6).
-19
Let k(j) = -5*j - 1. Let m(c) = c. Let l(x) = -k(x) - 6*m(x). Let h be l(4). Let w(b) = b**2 + 2*b + 1. Calculate w(h).
4
Let c(y) = 3*y**2 - 3825*y + 3826*y - 3 + 3. Let w be 2/(-4) + (-6)/4. Let u = w - -1. Determine c(u).
2
Suppose 2*w - 13 = -1. Let c(j) = -4*j**3 + 4*j**2 - 9*j - 10. Let q(h) = -5*h**3 + 3*h**2 - 10*h - 11. Let f(p) = 4*c(p) - 3*q(p). Give f(w).
-7
Suppose -23*f + 26*f - 9 = 0. Let z(i) = 0*i**2 + 2*i + 1 - 3*i**2 + 2*i**2. What is z(f)?
-2
Suppose -k - 2*k - 30 = -3*g, 0 = -k - 5. Suppose g*a = -0*a. Let y(x) = x + 3. Determine y(a).
3
Let q = 4 - 5. Let j be 4 + 0 - (q + 3). Suppose 0*z + 2*z + j = 0. Let b(d) = -d**3 - 2*d**2 + 1. Calculate b(z).
0
Let n(t) = -2*t**3 + 16*t**2 - 16*t - 10. Let v(m) = -3*m**3 + 24*m**2 - 24*m - 15. Let p(u) = 7*n(u) - 5*v(u). What is p(7)?
12
Let q(v) = 2*v + 5. Let d(f) = 4*f + 11. Let c(w) = w + 10. Let p be c(-5). Let m(j) = p*q(j) - 2*d(j). What is m(-3)?
-3
Let m(j) = -j**2 - 4*j + 2. Let v be m(-3). Suppose -d + v*d = 0. Let i(s) = -2*s + 0*s + s - 38 + 40. Give i(d).
2
Let w(h) = h - 1. Let d(z) = z - 1. Let b(p) = 7*d(p) - 6*w(p). Determine b(0).
-1
Let p(q) = -4 + 0 - 4*q - 4*q + 6*q. Let b(i) = i**3 + i - 2. Let r be b(0). Let t = 5 + r. Calculate p(t).
-10
Let q(b) be the first derivative of -b**4/12 + 5*b**3/6 + 3*b**2/2 + 4*b + 2. Let s(j) be the first derivative of q(j). Calculate s(3).
9
Let n(q) = 12 + 19*q + 4*q**2 + 2*q**2 - 12*q. Let r(t) = -7*t**2 - 7*t - 13. Let f(a) = 6*n(a) + 5*r(a). What is f(-5)?
-3
Let t be 9/6*4/(-3). Let i = 7 + t. Let g(s) = -2*s + 3. Determine g(i).
-7
Let s(w) = w**3 + 4*w**2 - 7*w - 3. Let f(n) = -2*n**3 - 3*n**2 + 8*n + 2. Let m be -5*(6/5 - 0). Let d = -4 - m. Let g(t) = d*f(t) + 3*s(t). Determine g(5).
-5
Let u(h) be the first derivative of -h**6/360 + h**5/40 + h**4/12 - 4*h**3/3 - 1. Let s(r) be the third derivative of u(r). Calculate s(4).
-2
Let h(i) = i**3 - 5*i**2 + 5*i - 2. Let v be 2/(-2 - 0) - -5. Let n be h(v). Let a(w) = -3*w**2 + 3 + 2*w + 4*w**n + 0*w**2. Calculate a(-2).
3
Let m(j) = 48*j. Suppose 3*r - 8 = r. Let a(q) = -7*q. Let s(u) = r*m(u) + 27*a(u). Suppose -8 = -k - 3*k. Calculate s(k).
6
Let w(i) = -i**2 + 2*i + 1. Let y be w(2). Let g(l) be the first derivative of -2*l**3 - l**2/2 + 2. What is g(y)?
-7
Suppose 0 = -4*v + x - 16, -4*v + 0*x = -2*x + 16. Let m(g) = -7*g**2 - 13*g - 10. Let s(z) = 4*z**2 + 7*z + 5. Let o(w) = 3*m(w) + 5*s(w). Give o(v).
-5
Suppose -3*u + 19 = 4*j, j = -3*u - 0*j + 16. Suppose -u*t = -3*t. Let a(w) = w**3 + w - 3. What is a(t)?
-3
Let p(t) = -4*t + 2. Let f(k) = 13*k**2 + k**3 - 2*k**3 + 2*k**3 + 0*k + k + 15. Let c be f(-13). Determine p(c).
-6
Let b(p) = 4*p - 3. Let j(g) = 4*g - 2. Let h(v) = -4*b(v) + 5*j(v). Calculate h(-2).
-6
Suppose 0 = -5*z + 20, 4*o - 3*z + 0*z = -72. Let b = 9 + o. Let a = b + 4. Let f(p) = p**3 + p**2 + p + 2. Calculate f(a).
-4
Let i(j) = -7*j + 1. Let f(v) = 48*v - 8. Let b(k) = -3*f(k) - 20*i(k). Give b(3).
-8
Let z(n) = -n - 3. Let l be z(-5). Suppose -5*c - 25 = 0, -2 = y + 2*c + 6. Let u(h) = 1 - 2*h**y + 5*h - 10*h + 2*h**3 + 3*h. Give u(l).
5
Let d(n) = -9*n**3 - 12*n**2 - 11*n - 11. Let i(u) = 5*u**3 + 6*u**2 + 6*u + 5. Let x(b) = 4*d(b) + 7*i(b). Calculate x(-6).
3
Let q(f) = -6 + 3 + 0 + f. Suppose 3*k + 5*v = -2*k + 35, -4*k = -3*v. Suppose 0 = -k*x + x + 8. Calculate q(x).
1
Let a(c) = -3*c**2 - 8*c - 6. Let r(z) = 4*z**2 + 9*z + 7. Suppose 0*x = -3*x - 6. Let k(n) = x*r(n) - 3*a(n). Calculate k(-5).
-1
Let l(a) be the third derivative of a**7/2520 - a**6/360 + a**5/15 + 4*a**2. Let u(d) be the third derivative of l(d). Give u(2).
2
Let j(i) = -2*i + 2. Let s = -11 + 14. Give j(s).
-4
Let p(n) = 2*n - 4. Let x be (5/3)/(-5)*-21. Let f be (2/4)/(x/70). Determine p(f).
6
Let t(y) = -4*y - 1. Suppose 3*u - v 